{"id":2,"date":"2009-01-26T13:16:51","date_gmt":"2009-01-26T20:16:51","guid":{"rendered":"http:\/\/davronbek.ziyouz.com\/?page_id=2"},"modified":"2022-03-25T15:17:20","modified_gmt":"2022-03-25T10:17:20","slug":"about","status":"publish","type":"page","link":"http:\/\/davronbek.ziyouz.com\/?page_id=2","title":{"rendered":"\u041c\u0443\u0430\u043b\u043b\u0438\u0444 \u04b3\u0430\u049b\u0438\u0434\u0430"},"content":{"rendered":"<p><img loading=\"lazy\" class=\"size-full wp-image-1695 aligncenter\" src=\"\/wp-content\/uploads\/davronbek.jpg\" alt=\"davronbek\" width=\"800\" height=\"567\" srcset=\"http:\/\/davronbek.ziyouz.com\/wp-content\/uploads\/davronbek.jpg 800w, http:\/\/davronbek.ziyouz.com\/wp-content\/uploads\/davronbek-500x354.jpg 500w\" sizes=\"(max-width: 800px) 100vw, 800px\" \/><\/p>\n<p>\u0422\u043e\u0436\u0438\u0430\u043b\u0438\u0435\u0432 \u0414\u0430\u0432\u0440\u043e\u043d\u0431\u0435\u043a \u0420\u0443\u0441\u0442\u0430\u043c\u043e\u0432\u0438\u0447 1984 \u0439\u0438\u043b, 15 \u0444\u0435\u0432\u0440\u0430\u043b\u044c \u043a\u0443\u043d\u0438 \u041c\u0430\u0440\u0493\u0438\u043b\u043e\u043d \u0448\u0430\u04b3\u0440\u0438\u0434\u0430 \u0442\u0443\u0493\u0438\u043b\u0433\u0430\u043d. 1990-93 \u0439\u0438\u043b\u043b\u0430\u0440\u0434\u0430 \u041c\u0430\u0440\u0493\u0438\u043b\u043e\u043d \u0448\u0430\u04b3\u0440\u0438\u0434\u0430\u0433\u0438 \u0410\u043b\u0438\u0448\u0435\u0440 \u041d\u0430\u0432\u043e\u0438\u0439 \u043d\u043e\u043c\u0438\u0434\u0430\u0433\u0438 3-\u045e\u0440\u0442\u0430 \u043c\u0430\u043a\u0442\u0430\u0431\u0434\u0430, 1993-2000 \u0439\u0438\u043b\u043b\u0430\u0440\u0438 \u201c\u0418\u0441\u0442\u0438\u049b\u0431\u043e\u043b\u201d \u0433\u0438\u043c\u043d\u0430\u0437\u0438\u044f\u0441\u0438\u0434\u0430 \u0442\u0430\u044a\u043b\u0438\u043c \u043e\u043b\u0433\u0430\u043d.<\/p>\n<p>\u040e\u0437\u0431\u0435\u043a\u0438\u0441\u0442\u043e\u043d \u0434\u0430\u0432\u043b\u0430\u0442 \u0436\u0430\u04b3\u043e\u043d \u0442\u0438\u043b\u043b\u0430\u0440\u0438 \u0443\u043d\u0438\u0432\u0435\u0440\u0441\u0438\u0442\u0435\u0442\u0438\u043d\u0438\u043d\u0433 \u0445\u0430\u043b\u049b\u0430\u0440\u043e \u0436\u0443\u0440\u043d\u0430\u043b\u0438\u0441\u0442\u0438\u043a\u0430 \u0444\u0430\u043a\u0443\u043b\u0442\u0435\u0442\u0438\u0434\u0430 (2001-2005) \u0432\u0430 \u040e\u0437\u0431\u0435\u043a\u0438\u0441\u0442\u043e\u043d \u041c\u0438\u043b\u043b\u0438\u0439 \u0443\u043d\u0438\u0432\u0435\u0440\u0441\u0438\u0442\u0435\u0442\u0438\u043d\u0438\u043d\u0433 \u0436\u0443\u0440\u043d\u0430\u043b\u0438\u0441\u0442\u0438\u043a\u0430 \u0444\u0430\u043a\u0443\u043b\u0442\u0435\u0442\u0438 \u043c\u0430\u0433\u0438\u0441\u0442\u0440\u0430\u0442\u0443\u0440\u0430\u0441\u0438\u0434\u0430 (2005-2007) \u0442\u0430\u044a\u043b\u0438\u043c \u043e\u043b\u0433\u0430\u043d. \u0410\u049a\u0428, \u0413\u0435\u0440\u043c\u0430\u043d\u0438\u044f, \u0422\u0443\u0440\u043a\u0438\u044f, \u041f\u043e\u043b\u044c\u0448\u0430, \u049a\u043e\u0437\u043e\u0493\u0438\u0441\u0442\u043e\u043d \u0434\u0430\u0432\u043b\u0430\u0442\u043b\u0430\u0440\u0438\u0434\u0430 \u043c\u0430\u043b\u0430\u043a\u0430 \u043e\u0448\u0438\u0440\u0433\u0430\u043d.<\/p>\n<p>\u0418\u043b\u043a \u0438\u0448 \u0444\u0430\u043e\u043b\u0438\u044f\u0442\u0438\u043d\u0438 2001 \u0439\u0438\u043b \u0441\u0435\u043d\u0442\u044f\u0431\u0440\u044c \u043e\u0439\u0438\u0434\u0430\u043d \u201c\u041c\u0430\u044a\u0440\u0438\u0444\u0430\u0442\u201d \u0433\u0430\u0437\u0435\u0442\u0430\u0441\u0438\u0434\u0430 \u043c\u0443\u0445\u0431\u0438\u0440 \u0431\u045e\u043b\u0438\u0431 \u0431\u043e\u0448\u043b\u0430\u0433\u0430\u043d. 2011 \u0439\u0438\u043b\u0438 \u041d\u044c\u044e-\u0419\u043e\u0440\u043a \u0448\u0430\u04b3\u0440\u0438\u0434\u0430 \u0447\u043e\u043f \u044d\u0442\u0438\u043b\u0433\u0430\u043d \u0431\u0438\u0440\u0438\u043d\u0447\u0438 \u045e\u0437\u0431\u0435\u043a \u0433\u0430\u0437\u0435\u0442\u0430\u0441\u0438 \u2014 \u201c\u0412\u0430\u0442\u0430\u043d\u0434\u043e\u0448\u201d\u043d\u0438\u043d\u0433 \u0431\u043e\u0448 \u043c\u0443\u04b3\u0430\u0440\u0440\u0438\u0440\u0438 \u0431\u045e\u043b\u0433\u0430\u043d. 2019-2020 \u0439\u0438\u043b\u043b\u0430\u0440\u0434\u0430 Sof.uz \u0430\u0445\u0431\u043e\u0440\u043e\u0442 \u043d\u0430\u0448\u0440\u0438 \u0431\u043e\u0448 \u043c\u0443\u04b3\u0430\u0440\u0440\u0438\u0440\u0438. 2004 \u0439\u0438\u043b\u0434\u0430\u043d \u0431\u0435\u0440\u0438 <a href=\"http:\/\/www.ziyouz.com\">www.ziyouz.com<\/a> \u043f\u043e\u0440\u0442\u0430\u043b\u0438 \u0431\u043e\u0448 \u043c\u0443\u04b3\u0430\u0440\u0440\u0438\u0440\u0438. Ziyouz.com \u04b3\u043e\u0437\u0438\u0440\u0434\u0430 \u045e\u0437\u0431\u0435\u043a \u0438\u043d\u0442\u0435\u0440\u043d\u0435\u0442 \u0441\u0435\u0433\u043c\u0435\u043d\u0442\u0438\u0434\u0430\u0433\u0438 \u044d\u043d\u0433 \u043a\u0430\u0442\u0442\u0430 \u043a\u0443\u0442\u0443\u0431\u0445\u043e\u043d\u0430, \u043c\u0430\u0434\u0430\u043d\u0438\u0439-\u043c\u0430\u044a\u0440\u0438\u0444\u0438\u0439 \u043c\u0430\u043d\u0431\u0430\u0434\u0438\u0440.<\/p>\n<p>\u0414\u0430\u0432\u0440\u043e\u043d\u0431\u0435\u043a \u0422\u043e\u0436\u0438\u0430\u043b\u0438\u0435\u0432 \u0442\u0430\u0448\u043a\u0438\u043b \u044d\u0442\u0433\u0430\u043d <a href=\"http:\/\/www.ziyouz.uz\">www.ziyouz.uz<\/a> \u0441\u0430\u0439\u0442\u0438 2012-2014 \u0439\u0438\u043b\u043b\u0430\u0440\u0434\u0430 UZ \u041c\u0438\u043b\u043b\u0438\u0439 \u0434\u043e\u043c\u0435\u043d\u0438\u00a0 \u0418\u043d\u0442\u0435\u0440\u043d\u0435\u0442-\u0444\u0435\u0441\u0442\u0438\u0432\u0430\u043b\u0438\u043d\u0438\u043d\u0433 \u201c\u0424\u0430\u043d \u0432\u0430 \u0442\u0430\u044a\u043b\u0438\u043c \u0441\u043e\u04b3\u0430\u0441\u0438\u0434\u0430 \u044d\u043d\u0433 \u044f\u0445\u0448\u0438 \u0441\u0430\u0439\u0442\u201d \u0439\u045e\u043d\u0430\u043b\u0438\u0448\u0438\u0434\u0430 \u0431\u0438\u0440\u0438\u043d\u0447\u0438 \u045e\u0440\u0438\u043d\u043d\u0438 \u044d\u0433\u0430\u043b\u043b\u0430\u0433\u0430\u043d, 2013 \u0439\u0438\u043b\u0438 \u045e\u0442\u043a\u0430\u0437\u0438\u043b\u0433\u0430\u043d \u201c\u041c\u0438\u043b\u043b\u0438\u0439 \u0418\u043d\u0442\u0435\u0440\u043d\u0435\u0442 \u0442\u0430\u043d\u043b\u043e\u0432\u0438\u201d \u2013 MIT.Uz\u0434\u0430 \u0493\u043e\u043b\u0438\u0431 \u0431\u045e\u043b\u0433\u0430\u043d. 2013 \u0439\u0438\u043b\u0438 \u0418\u043d\u0442\u0435\u0440\u043d\u0435\u0442-\u0436\u0443\u0440\u043d\u0430\u043b\u0438\u0441\u0442\u0438\u043a\u0430 \u0439\u045e\u043d\u0430\u043b\u0438\u0448\u0438\u0434\u0430 \u0445\u0430\u043b\u049b\u0430\u0440\u043e \u201c\u041e\u043b\u0442\u0438\u043d \u049b\u0430\u043b\u0430\u043c\u201d \u041c\u0438\u043b\u043b\u0438\u0439 \u043c\u0443\u043a\u043e\u0444\u043e\u0442\u0438\u043d\u0438 \u049b\u045e\u043b\u0433\u0430 \u043a\u0438\u0440\u0438\u0442\u0433\u0430\u043d. \u0423 \u0413\u0435\u0440\u043c\u0430\u043d\u0438\u044f \u04b3\u0430\u043c\u0434\u0430 \u0410\u049a\u0428 \u044d\u043b\u0447\u0438\u0445\u043e\u043d\u0430\u043b\u0430\u0440\u0438 \u0442\u043e\u043c\u043e\u043d\u0438\u0434\u0430\u043d \u045e\u0442\u043a\u0430\u0437\u0438\u043b\u0433\u0430\u043d \u0436\u0443\u0440\u043d\u0430\u043b\u0438\u0441\u0442\u043b\u0430\u0440 \u0438\u0436\u043e\u0434\u0438\u0439 \u0442\u0430\u043d\u043b\u043e\u0432\u043b\u0430\u0440\u0438\u0434\u0430 \u04b3\u0430\u043c \u0493\u043e\u043b\u0438\u0431 \u0431\u045e\u043b\u0433\u0430\u043d. 2017 \u0439\u0438\u043b\u0438 \u049a\u043e\u0437\u043e\u0493\u0438\u0441\u0442\u043e\u043d \u0420\u0435\u0441\u043f\u0443\u0431\u043b\u0438\u043a\u0430\u0441\u0438\u043d\u0438\u043d\u0433 &#8220;\u041a\u0443\u0442\u0443\u0431\u0445\u043e\u043d\u0430 \u0438\u0448\u0438\u043d\u0438\u043d\u0433 \u0443\u0441\u0442\u0430\u0441\u0438&#8221; \u043c\u0435\u0434\u0430\u043b\u0438 \u0431\u0438\u043b\u0430\u043d, 2018 \u0439\u0438\u043b \u040e\u0437\u0431\u0435\u043a\u0438\u0441\u0442\u043e\u043d \u0420\u0435\u0441\u043f\u0443\u0431\u043b\u0438\u043a\u0430\u0441\u0438 \u041f\u0440\u0435\u0437\u0438\u0434\u0435\u043d\u0442\u0438 \u0424\u0430\u0440\u043c\u043e\u043d\u0438 \u0431\u0438\u043b\u0430\u043d &#8220;\u0428\u0443\u04b3\u0440\u0430\u0442&#8221; \u043c\u0435\u0434\u0430\u043b\u0438 \u0431\u0438\u043b\u0430\u043d \u0442\u0430\u049b\u0434\u0438\u0440\u043b\u0430\u043d\u0433\u0430\u043d.<\/p>\n<p>400 \u0434\u0430\u043d \u0437\u0438\u0451\u0434 \u043c\u0430\u049b\u043e\u043b\u0430 \u0432\u0430 \u0431\u0430\u0434\u0438\u0438\u0439 \u0442\u0430\u0440\u0436\u0438\u043c\u0430\u043b\u0430\u0440\u0438 \u043c\u0430\u0442\u0431\u0443\u043e\u0442\u0434\u0430 \u04b3\u0430\u043c\u0434\u0430 \u0418\u043d\u0442\u0435\u0440\u043d\u0435\u0442\u0434\u0430 \u043d\u0430\u0448\u0440 \u044d\u0442\u0438\u043b\u0433\u0430\u043d. &#8220;\u0416\u0430\u04b3\u043e\u043d \u0445\u0430\u043b\u049b\u043b\u0430\u0440\u0438 \u043c\u0430\u049b\u043e\u043b\u043b\u0430\u0440\u0438&#8221; (2018), &#8220;\u041a\u0438\u0442\u043e\u0431 \u04b3\u0430\u049b\u0438\u0434\u0430 \u043a\u0438\u0442\u043e\u0431&#8221; (2021) \u043d\u043e\u043c\u043b\u0438 \u043a\u0438\u0442\u043e\u0431\u043b\u0430\u0440\u0438 \u0447\u043e\u043f \u044d\u0442\u0438\u043b\u0433\u0430\u043d.<\/p>\n<p>\u041e\u0438\u043b\u0430\u043b\u0438, 3 \u043d\u0430\u0444\u0430\u0440 \u0444\u0430\u0440\u0437\u0430\u043d\u0434\u0438 \u0431\u043e\u0440.<\/p>\n<p>E-mail: davronbek@gmail.com<\/p>\n<p style=\"text-align: center;\"><img loading=\"lazy\" src=\"http:\/\/qadriyat.uz\/images\/00.jpg\" alt=\"\" width=\"500\" height=\"47\" \/><\/p>\n<p>Tojialiyev Davronbek Rustamovich was born on February 15, 1984 in Marghilan City. In 1990-1993, he studied at school #3 named after Alisher Navoi. In 1993-2000, he studied at Istiqbol gymnasium.<\/p>\n<p>In 2001-2005, he studied at the International Journalism Faculty of the Uzbek State World Languages University. In 2005-2007, he studied at the Uzbekistan National University for master\u2019s degree in journalism. He attended training programs in the U.S., Germany, Turkey, Poland and Kazakhstan.<\/p>\n<p>In 2001, he worked for Ma\u2019rifat newspaper.\u00a0 He also worked as the editor-in-chief of Vatandosh newspaper,\u00a0 published in in Uzbek New York. Since 2004, he is the editor-in-chief of <a href=\"http:\/\/www.ziyouz.com\">www.ziyouz.com<\/a><\/p>\n<p>Davronbek Tojialiyev won the first prize in the Internet festival in 2012-2014 within the nomination \u201cThe best website in the field of science and education\u201d on domain .UZ. In 2013, the website won the national contest MIT.UZ. In 2013, he also won the International Golden Pen contest. He was a winner of media contest organized by the U.S and German Embassies in Tashkent.<\/p>\n<p>He has more than 400 articles and translations published in newspapers, magazines and online editions.<\/p>\n<p>He is married and has one son and two daughters.<\/p>\n<p>E-mail: davronbek@gmail.com<\/p>\n<p><img loading=\"lazy\" class=\"aligncenter\" src=\"http:\/\/qadriyat.uz\/images\/00.jpg\" alt=\"\" width=\"500\" height=\"47\" \/><\/p>\n<p>R\u00fcstem o\u011flu Davronbek Tacialiev 15 \u015eubat 1984 y\u0131l\u0131nda \u00d6zbekistan\u2019\u0131n Margilan \u015fehrinde d\u00fcnyaya gelmi\u015ftir. 1990-93 y\u0131llar\u0131 aras\u0131nda Margilan \u015fehrindeki 3 nolu Ali \u015eir Nevai mektebinde, 1993-2000 y\u0131llar\u0131 aras\u0131nda ise \u201c\u0130stikbal\u201d okulunda temel e\u011fitimini alm\u0131\u015ft\u0131r.<\/p>\n<p>\u00d6zbekistan, Devlet D\u00fcnya Dilleri \u00dcniversitesi, Gazetecilik Fak\u00fcltesinde (2001-2005) lisans e\u011fitimi ald\u0131ktan sonra 2005-2007 y\u0131llar\u0131 aras\u0131nda \u00d6zbekistan Mill\u00ee \u00dcniversitesi, Gazetecilik Fak\u00fcltesinde y\u00fcksek lisans e\u011fitimini tamamlam\u0131\u015ft\u0131r. ABD, Almanya, Polonya ve Kazakistan\u2019da mesleki geli\u015fim hususunda tecr\u00fcbe kazanm\u0131\u015ft\u0131r.<\/p>\n<p>Eyl\u00fcl 2001\u2019den itibaren \u201cMarifet\u201d gazetesinde muhabir olarak \u00e7al\u0131\u015fmas\u0131 ilk i\u015f deneyimi olmu\u015ftur. 2011\u2019de ise New York\u2019ta yay\u0131mlanan \u00d6zbek\u00e7e \u201cVatanda\u015f\u201d gazetesinde Genel Yay\u0131n Y\u00f6netmeni olarak \u00e7al\u0131\u015fm\u0131\u015ft\u0131r. 2004\u2019ten bu yana www.ziyouz.com sitesinde Genel Yay\u0131n Y\u00f6netmen olarak \u00e7al\u0131\u015fmaktad\u0131r.<\/p>\n<p>Davronbek Tacialiev\u2019in a\u00e7m\u0131\u015f oldu\u011fu www.ziyouz.com internet sitesi, \u00d6zbekistan\u2019da ger\u00e7ekle\u015fen \u201cUz Mill\u00ee Domeni \u0130nternet \u015e\u00f6leni\u201dnde \u201cBilim ve E\u011fitim Alan\u0131n\u0131n En \u0130yi Sitesi\u201d kategorisinde birincili\u011fi kazanm\u0131\u015ft\u0131r (2012-2014). 2013 y\u0131l\u0131nda ger\u00e7ekle\u015fen \u201cMill\u00ee \u0130nternet Se\u00e7imi\u201dnde de galibiyet elde etmi\u015ftir. Yine 2013 y\u0131l\u0131 internet gazetecili\u011fi alan\u0131nda Uluslararas\u0131 \u201cAlt\u0131n Kalem\u201d Mill\u00ee M\u00fck\u00e2fat\u0131\u2019n\u0131 almaya hak kazanm\u0131\u015ft\u0131r. Davronbek Tacialiev Almanya ve ABD B\u00fcy\u00fckel\u00e7iliklerinin ger\u00e7ekle\u015ftirdi\u011fi gazeteciler turnuvalar\u0131nda da galibiyetler elde etmi\u015ftir.<\/p>\n<p>400\u2019dan fazla makale ve \u00e7evirileri matbuatta ve internette yay\u0131nlanm\u0131\u015ft\u0131r.<\/p>\n<p>Evli, 1 o\u011flu ve 2 k\u0131z\u0131 var.<\/p>\n<p>E-posta:davronbek@gmail.com<\/p>\n<p>&nbsp;<\/p>\n","protected":false},"excerpt":{"rendered":"<p>\u0422\u043e\u0436\u0438\u0430\u043b\u0438\u0435\u0432 \u0414\u0430\u0432\u0440\u043e\u043d\u0431\u0435\u043a \u0420\u0443\u0441\u0442\u0430\u043c\u043e\u0432\u0438\u0447 1984 \u0439\u0438\u043b, 15 \u0444\u0435\u0432\u0440\u0430\u043b\u044c \u043a\u0443\u043d\u0438 \u041c\u0430\u0440\u0493\u0438\u043b\u043e\u043d \u0448\u0430\u04b3\u0440\u0438\u0434\u0430 \u0442\u0443\u0493\u0438\u043b\u0433\u0430\u043d. 1990-93 \u0439\u0438\u043b\u043b\u0430\u0440\u0434\u0430 \u041c\u0430\u0440\u0493\u0438\u043b\u043e\u043d \u0448\u0430\u04b3\u0440\u0438\u0434\u0430\u0433\u0438 \u0410\u043b\u0438\u0448\u0435\u0440 \u041d\u0430\u0432\u043e\u0438\u0439 \u043d\u043e\u043c\u0438\u0434\u0430\u0433\u0438 3-\u045e\u0440\u0442\u0430 \u043c\u0430\u043a\u0442\u0430\u0431\u0434\u0430, 1993-2000 \u0439\u0438\u043b\u043b\u0430\u0440\u0438 \u201c\u0418\u0441\u0442\u0438\u049b\u0431\u043e\u043b\u201d \u0433\u0438\u043c\u043d\u0430\u0437\u0438\u044f\u0441\u0438\u0434\u0430 \u0442\u0430\u044a\u043b\u0438\u043c \u043e\u043b\u0433\u0430\u043d. \u040e\u0437\u0431\u0435\u043a\u0438\u0441\u0442\u043e\u043d \u0434\u0430\u0432\u043b\u0430\u0442 \u0436\u0430\u04b3\u043e\u043d \u0442\u0438\u043b\u043b\u0430\u0440\u0438 \u0443\u043d\u0438\u0432\u0435\u0440\u0441\u0438\u0442\u0435\u0442\u0438\u043d\u0438\u043d\u0433 \u0445\u0430\u043b\u049b\u0430\u0440\u043e \u0436\u0443\u0440\u043d\u0430\u043b\u0438\u0441\u0442\u0438\u043a\u0430 \u0444\u0430\u043a\u0443\u043b\u0442\u0435\u0442\u0438\u0434\u0430 (2001-2005) \u0432\u0430 \u040e\u0437\u0431\u0435\u043a\u0438\u0441\u0442\u043e\u043d \u041c\u0438\u043b\u043b\u0438\u0439 \u0443\u043d\u0438\u0432\u0435\u0440\u0441\u0438\u0442\u0435\u0442\u0438\u043d\u0438\u043d\u0433 \u0436\u0443\u0440\u043d\u0430\u043b\u0438\u0441\u0442\u0438\u043a\u0430 \u0444\u0430\u043a\u0443\u043b\u0442\u0435\u0442\u0438 \u043c\u0430\u0433\u0438\u0441\u0442\u0440\u0430\u0442\u0443\u0440\u0430\u0441\u0438\u0434\u0430 (2005-2007) \u0442\u0430\u044a\u043b\u0438\u043c \u043e\u043b\u0433\u0430\u043d. \u0410\u049a\u0428, \u0413\u0435\u0440\u043c\u0430\u043d\u0438\u044f, \u0422\u0443\u0440\u043a\u0438\u044f, \u041f\u043e\u043b\u044c\u0448\u0430, \u049a\u043e\u0437\u043e\u0493\u0438\u0441\u0442\u043e\u043d \u0434\u0430\u0432\u043b\u0430\u0442\u043b\u0430\u0440\u0438\u0434\u0430 \u043c\u0430\u043b\u0430\u043a\u0430 \u043e\u0448\u0438\u0440\u0433\u0430\u043d. \u0418\u043b\u043a \u0438\u0448 \u0444\u0430\u043e\u043b\u0438\u044f\u0442\u0438\u043d\u0438 2001 \u0439\u0438\u043b \u0441\u0435\u043d\u0442\u044f\u0431\u0440\u044c \u043e\u0439\u0438\u0434\u0430\u043d <a class=\"more-link\" href=\"http:\/\/davronbek.ziyouz.com\/?page_id=2\">\u0414\u0430\u0432\u043e\u043c\u0438 &#8230;<\/a><\/p>\n","protected":false},"author":1,"featured_media":0,"parent":0,"menu_order":0,"comment_status":"open","ping_status":"open","template":"","meta":[],"_links":{"self":[{"href":"http:\/\/davronbek.ziyouz.com\/index.php?rest_route=\/wp\/v2\/pages\/2"}],"collection":[{"href":"http:\/\/davronbek.ziyouz.com\/index.php?rest_route=\/wp\/v2\/pages"}],"about":[{"href":"http:\/\/davronbek.ziyouz.com\/index.php?rest_route=\/wp\/v2\/types\/page"}],"author":[{"embeddable":true,"href":"http:\/\/davronbek.ziyouz.com\/index.php?rest_route=\/wp\/v2\/users\/1"}],"replies":[{"embeddable":true,"href":"http:\/\/davronbek.ziyouz.com\/index.php?rest_route=%2Fwp%2Fv2%2Fcomments&post=2"}],"version-history":[{"count":20,"href":"http:\/\/davronbek.ziyouz.com\/index.php?rest_route=\/wp\/v2\/pages\/2\/revisions"}],"predecessor-version":[{"id":2846,"href":"http:\/\/davronbek.ziyouz.com\/index.php?rest_route=\/wp\/v2\/pages\/2\/revisions\/2846"}],"wp:attachment":[{"href":"http:\/\/davronbek.ziyouz.com\/index.php?rest_route=%2Fwp%2Fv2%2Fmedia&parent=2"}],"curies":[{"name":"wp","href":"https:\/\/api.w.org\/{rel}","templated":true}]}}